
What is the remainder when 70502015 is divided by 3016?
3015
What is the remainder when 17651541 is divided by 3530305?
16
Calculate the remainder when 43847132 is divided by 48.
44
What is the remainder when 1493227 is divided by 82957?
1
Calculate the remainder when 3061459 is divided by 108.
91
What is the remainder when 307044 is divided by 90?
54
Calculate the remainder when 1486446 is divided by 784.
766
Calculate the remainder when 3976529 is divided by 750.
29
Calculate the remainder when 28113867 is divided by 3664.
3659
What is the remainder when 157810 is divided by 1150?
260
Calculate the remainder when 20195810 is divided by 20195799.
11
What is the remainder when 637704 is divided by 1094?
996
What is the remainder when 2493884 is divided by 404?
396
Calculate the remainder when 56424 is divided by 18624.
552
Calculate the remainder when 57161 is divided by 6329.
200
What is the remainder when 8123744 is divided by 2470?
2384
What is the remainder when 710414 is divided by 236727?
233
What is the remainder when 15761865 is divided by 230?
195
Calculate the remainder when 254456 is divided by 84818.
2
What is the remainder when 21947884 is divided by 1978?
1974
What is the remainder when 5437207 is divided by 9032?
8975
What is the remainder when 7058628 is divided by 1176435?
18
What is the remainder when 20530 is divided by 156?
94
What is the remainder when 1426089 is divided by 1151?
0
What is the remainder when 436996 is divided by 436906?
90
What is the remainder when 117145 is divided by 9761?
13
Calculate the remainder when 143081 is divided by 2024.
1401
Calculate the remainder when 3551390 is divided by 887845.
10
What is the remainder when 13142967 is divided by 464?
167
What is the remainder when 1604549 is divided by 1746?
1721
What is the remainder when 741258 is divided by 148198?
268
What is the remainder when 96184619 is divided by 805?
804
Calculate the remainder when 197908 is divided by 312.
100
Calculate the remainder when 20923 is divided by 5221.
39
Calculate the remainder when 38707 is divided by 359.
294
What is the remainder when 2099479 is divided by 3250?
3229
Calculate the remainder when 41940986 is divided by 15.
11
Calculate the remainder when 279370437 is divided by 15.
12
What is the remainder when 79062102 is divided by 608170?
2
What is the remainder when 659102398 is divided by 418?
416
What is the remainder when 43937848 is divided by 85?
73
Calculate the remainder when 26075 is divided by 357.
14
What is the remainder when 82453 is divided by 717?
715
Calculate the remainder when 8589990 is divided by 4834.
4806
Calculate the remainder when 793373 is divided by 264404.
161
What is the remainder when 62184 is divided by 10269?
570
Calculate the remainder when 86548 is divided by 1292.
1276
Calculate the remainder when 42504 is divided by 1635.
1629
Calculate the remainder when 3671547 is divided by 10767.
0
Calculate the remainder when 8631 is divided by 1213.
140
What is the remainder when 13962475 is divided by 2792491?
20
Calculate the remainder when 94041 is divided by 64.
25
Calculate the remainder when 868773 is divided by 2268.
129
Calculate the remainder when 142830 is divided by 288.
270
Calculate the remainder when 104983664 is divided by 32.
16
What is the remainder when 17427728 is divided by 1349?
1346
What is the remainder when 6783180 is divided by 400?
380
What is the remainder when 258290 is divided by 569?
533
Calculate the remainder when 1175987 is divided by 34544.
1491
What is the remainder when 102789141 is divided by 501?
474
Calculate the remainder when 286834 is divided by 12462.
208
Calculate the remainder when 72790 is divided by 833.
319
What is the remainder when 628214 is divided by 1428?
1322
What is the remainder when 7845470 is divided by 603497?
9
What is the remainder when 99322 is divided by 5595?
4207
What is the remainder when 10193887 is divided by 227?
225
What is the remainder when 1577799 is divided by 622?
407
What is the remainder when 2813012 is divided by 1195?
1177
Calculate the remainder when 37308691 is divided by 4073.
11
Calculate the remainder when 1682743 is divided by 6098.
5793
Calculate the remainder when 148128 is divided by 82.
36
Calculate the remainder when 196952 is divided by 12309.
8
What is the remainder when 34381601 is divided by 28?
9
What is the remainder when 485272 is divided by 50?
22
What is the remainder when 75113 is divided by 24524?
1541
Calculate the remainder when 1300884 is divided by 526.
86
What is the remainder when 10411757 is divided by 76557?
5
What is the remainder when 63766988 is divided by 7970873?
4
What is the remainder when 15676 is divided by 742?
94
What is the remainder when 1850290 is divided by 205586?
16
Calculate the remainder when 42249333 is divided by 3070.
3063
Calculate the remainder when 31734 is divided by 8556.
6066
Calculate the remainder when 31621 is divided by 3788.
1317
Calculate the remainder when 28292 is divided by 1223.
163
Calculate the remainder when 27457153 is divided by 13728571.
11
Calculate the remainder when 136034 is divided by 67971.
92
Calculate the remainder when 876650 is divided by 724.
610
Calculate the remainder when 6965765 is divided by 898.
877
Calculate the remainder when 175856 is divided by 2120.
2016
What is the remainder when 2849042 is divided by 48?
2
What is the remainder when 23500599 is divided by 200?
199
What is the remainder when 1116505 is divided by 205?
75
Calculate the remainder when 207591 is divided by 475.
16
Calculate the remainder when 2977818 is divided by 1507.
1493
What is the remainder when 6741573 is divided by 113?
106
Calculate the remainder when 12895494 is divided by 37056.
6
What is the remainder when 78251 is divided by 396?
239
Calculate the remainder when 35915114 is divided by 35915110.
4
Calculate the remainder when 73691 is divided by 289.
285
What is the remainder when 2903681 is divided by 662?
149
Calculate the remainder when 15801179 is divided by 426.
413
Calculate the remainder when 38294071 is divided by 9.
7
What is the remainder when 1469947 is divided by 917?
913
What is the remainder when 11688045 is divided by 129?
0
What is the remainder when 721400 is divided by 23229?
1301
What is the remainder when 8550206 is divided by 1431?
1412
Calculate the remainder when 20771036 is divided by 6923674.
14
What is the remainder when 218671205 is divided by 7?
4
What is the remainder when 42652498 is divided by 22?
20
Calculate the remainder when 297211 is divided by 168.
19
What is the remainder when 779184 is divided by 187?
142
Calculate the remainder when 310620901 is divided by 102.
97
Calculate the remainder when 34931 is divided by 57.
47
What is the remainder when 13509463 is divided by 675456?
343
Calculate the remainder when 60498683 is divided by 73689.
14
Calculate the remainder when 30635 is divided by 207.
206
What is the remainder when 5759841 is divided by 2257?
2234
Calculate the remainder when 1295168 is divided by 3305.
2913
What is the remainder when 1448109 is divided by 5946?
3231
What is the remainder when 3108520 is divided by 10719?
10
What is the remainder when 186913 is divided by 14?
13
Calculate the remainder when 1544120 is divided by 53226.
566
Calculate the remainder when 86350 is divided by 28477.
919
What is the remainder when 135571 is divided by 10326?
1333
Calculate the remainder when 121297 is divided by 40394.
115
What is the remainder when 379255 is divided by 75788?
315
Calculate the remainder when 14247722 is divided by 4749234.
20
What is the remainder when 739228 is divided by 149?
39
Calculate the remainder when 119242 is divided by 894.
340
What is the remainder when 638640 is divided by 16?
0
Calculate the remainder when 371980 is divided by 71.
11
Calculate the remainder when 27265302 is divided by 214.
204
Calculate the remainder when 2901791 is divided by 43.
22
Calculate the remainder when 1774244 is divided by 39.
17
What is the remainder when 103049 is divided by 51521?
7
Calculate the remainder when 34784 is divided by 4929.
281
What is the remainder when 19898463 is divided by 406?
403
Calculate the remainder when 459473 is divided by 810.
203
What is the remaind